hat is the remainder when 607 is divided by g?
7
Suppose -13*l = 20*l - 165. Suppose -l*i + 484 = -1061. What is the remainder when i is divided by 106?
97
Let w be -12*(-3 + 3 - 3). Let y = 128 - 100. What is the remainder when w*(2 + (-1)/2) is divided by y?
26
Let p = -15593 - -16242. Calculate the remainder when p is divided by 320.
9
Suppose v - 9 = -5*j, 14*v = 13*v - 3*j + 15. Suppose 5*u + 5*s = 240, -v*s + 22*s = u - 44. Calculate the remainder when u is divided by 5.
2
Suppose 0 = 2*a - 28 - 2. Suppose 10748*v = 10770*v - 10164. What is the remainder when v is divided by a?
12
Let w = 184 - 175. Calculate the remainder when -6*(-2)/4 + 62 + w is divided by 16.
10
Let b(d) = -d**3 - 7*d**2 + 3*d + 7. Let p(t) = t - 2. Let n be p(-6). Let a = 26387 - 26153. What is the remainder when a is divided by b(n)?
46
Let p(j) = -4*j**2 - 11*j + 16. Calculate the remainder when 478 is divided by p(-3).
10
Suppose -14*a + 225 = -8*a + 3*t, 0 = -a - 4*t - 8. Let f = -19 - -281. Calculate the remainder when f is divided by a.
42
Let f be 12/(-21) + 874/(-14). Let j = -45 - f. Suppose 2*u = -0*u + 2*x + 26, -u - 2*x + 4 = 0. What is the remainder when j is divided by u?
8
Suppose -2*n - 3*z - 44 = 110, n = z - 77. Let m = n - -91. Calculate the remainder when 19 is divided by m.
5
Let r(l) = 3*l**3 - 9*l**2 - 3*l - 5. Let g(u) = 4*u**3 - 8*u**2 - 3*u - 6. Let h(d) = 2*g(d) - 3*r(d). What is the remainder when h(11) is divided by 9?
0
Suppose 51 = -29*d - 123. Calculate the remainder when 23 is divided by (162/(-90))/(d/20).
5
Suppose -9*a + 7*a - 2*f + 294 = 0, 0 = f + 4. Suppose 14*h - 1481 + a = 0. What is the remainder when h is divided by 14?
11
What is the remainder when 74*1116/465*(-80)/(-6) is divided by 10?
8
Suppose -3*r - 4*w - 65 - 15 = 0, -r + 4*w = 32. Let m be (-12)/28 - 3288/r. Suppose 3*h + 30 = m. What is the remainder when 86 is divided by h?
28
Let c(b) = 3*b**2 - 5*b - 6. Calculate the remainder when 3/((-150)/52 - -3) is divided by c(-2).
10
Let z(n) = -n**3 + 15*n**2 - 11*n - 17. Let g be z(14). Let x(i) = -i + 96. Calculate the remainder when x(g) is divided by 15.
11
Let d = 13277 + -12945. What is the remainder when d is divided by 110?
2
Calculate the remainder when 3168 is divided by (((-4531)/322)/((-12)/(-42)))/((-1)/4).
16
Let y(o) = 149*o - 1 - 3*o**2 - o**3 - 154*o - 1 + 11*o**2. Let a(n) = 4*n**3 + n**2 + 3*n - 3. Calculate the remainder when a(2) is divided by y(7).
3
Let u = 21037 + -20869. Calculate the remainder when 814 is divided by u.
142
Let p = 1529 - 2642. What is the remainder when p/(-27) + 6/(-27) is divided by 70/15*63/49?
5
Suppose 0*a + 2*a - 56 = 0. Suppose 0 = 5*l - k - 39 - 19, l - 14 = k. What is the remainder when a is divided by l?
6
Let a = 1 - -4. Let z = 62 - a. Let v(y) = -9*y - 6. What is the remainder when z is divided by v(-2)?
9
Let j(i) = -i**3 + 8*i**2 + 12*i - 95. Let o be j(5). Suppose 0 = 14*y - 44 - o. Calculate the remainder when y is divided by 3.
0
Let t = 5 + -2. Suppose t*a + 5*f = 122, 3*a + 2*f = -2*a + 178. Let b = -114 - -247. What is the remainder when b is divided by a?
31
Let t(j) = 33*j - 3. Let g be t(1). Suppose -4*q - g = -6. Let h(v) = -6*v - 31. What is the remainder when 10 is divided by h(q)?
0
Let p = 89 + -108. Let h = p + 28. Calculate the remainder when 44 is divided by h.
8
Let l(n) = -7 - 2 - 27*n + n**3 - 7*n**2 + 29*n. Let f be l(7). Suppose 25 = -f*d + 10*d. Calculate the remainder when 8 is divided by d.
3
Let r(m) = m**3 + 37*m**2 + 96*m + 6. Calculate the remainder when r(-3) is divided by 2.
0
Suppose 155 + 2175 = 2*s. Calculate the remainder when 132 - 5/(-1)*6/(-10) is divided by s/105*3 - (-6)/(-21).
30
Suppose -5*f + 6 = y, -f - 4*f = -y + 16. Suppose -1980 - 3443 = -y*o. Calculate the remainder when o is divided by 62.
59
Let q = 86 - 79. Calculate the remainder when 75/2*2 - 0 is divided by q.
5
Let i = 341 - 327. Calculate the remainder when 4 - (-5*4 + 3) is divided by i.
7
Let o(h) = 11*h + 260. Let b be o(-24). What is the remainder when 10*(18 + -8)*(-3)/b is divided by 17?
7
Let n = -4161 - -6198. Suppose -3*a - n = -0*a + j, -5*j = a + 665. What is the remainder when 87 is divided by a/(-30) + 4/(-6)?
21
Let i = 374 + -300. Suppose 5*x + 2*n = 175, 30*n + i = 3*x + 25*n. Calculate the remainder when x is divided by 18.
15
Let l(m) = -22*m**3 + 3*m**2 + 5*m + 3. What is the remainder when l(-1) is divided by 22/4 + (-33)/(-22)?
2
Suppose -4446*h + 282 = -4440*h. Calculate the remainder when 300 is divided by h.
18
Let q = 72 - 66. Suppose q*x = 853 + 167. Calculate the remainder when x is divided by 19.
18
Suppose 306 = -0*k + 2*k. Let g = 160 + -156. Suppose 4*u - 83 = g*b + 33, -2*u = -4*b - 64. Calculate the remainder when k is divided by u.
23
Suppose 3*x = 113*x - 132440. Calculate the remainder when x is divided by 169.
21
Let s be 5*((-964)/12)/((-15)/9). Let d = 285 - s. Calculate the remainder when d is divided by 4.
0
Calculate the remainder when 15/6*-2 - (-383 + -12) is divided by 98.
96
Let z = -6 - -23. Let d = -15 + z. Suppose 0 = -4*b - 2*o + 38, d + 29 = 2*b + 5*o. What is the remainder when 14 is divided by b?
6
Let b = 364 + -360. Suppose 3*f - 29 = b. Calculate the remainder when 41 is divided by f.
8
Let k = 44 + 0. What is the remainder when 80 is divided by k?
36
Let m(y) = -y**2 + 9*y - 12. Let t = -51 - -57. Let o be m(t). Suppose 73 - o = p. Calculate the remainder when p is divided by 17.
16
Suppose 11*h + 52 = -2*h. What is the remainder when 49 is divided by -6*(h + 5/6)?
11
Let g = -152 + 174. Suppose 0*m + 11 = f + m, m - 3 = 0. Calculate the remainder when g is divided by f.
6
Let t = -8 - 2. Let r be (-14)/t - 38/95. Calculate the remainder when 73 is divided by 22 + (0 + r - 4).
16
Let j(r) = 25*r - 29. Let s(c) = -c**3 + 8*c**2 + 3*c - 15. Let p be s(7). Let l = -49 + p. What is the remainder when j(l) is divided by 25?
21
Let v be (2*(-36)/(-6))/((-6)/4). Let s(w) = -13*w - 84. Calculate the remainder when 113 is divided by s(v).
13
What is the remainder when 264 is divided by 6/(-1) + -3*(-6)/(-12)*-90?
6
Suppose 2*f = 76 + 44. Suppose -4*d - 5 = -3*h, 0*d - 5*d - 45 = 4*h. What is the remainder when f is divided by 2/(-10) - 86/h?
9
Calculate the remainder when -19*((-207)/(-115) + (-4722)/15) is divided by 64.
59
Suppose -9 = -5*n + 2*n. Let o(k) = 2*k**3 - 23*k**2 - 8*k + 50. Let s be o(12). Calculate the remainder when (-288)/(-216)*(2 - s/(-8)) is divided by n.
1
Suppose -2*u + 302 = 4*r, -r + 53 = -0*r - 4*u. Let d = -507 + 533. What is the remainder when r is divided by d?
21
Let p(s) = 5*s**3 - 6*s**2 + 7*s - 8. Let x be p(4). Let q = x + -94. What is the remainder when q is divided by 4?
2
Let x(m) be the first derivative of -m**4/4 - 7*m**2/2 - 5*m + 248. Calculate the remainder when 115 is divided by x(-2).
13
Suppose 5*a - 697 - 696 = -2*u, 0 = -5*a - 4*u + 1401. Let k = 384 - a. What is the remainder when k is divided by 9?
8
Let a(x) = -7*x - 25. Let w be a(-4). Suppose -3*t + s = -68, w*t - 3*s + 37 - 109 = 0. Calculate the remainder when 64 is divided by t.
20
Let b = 10706 + -8072. What is the remainder when b is divided by 85?
84
Let g be (4 - -1)/(25/240*8). What is the remainder when 20 is divided by 18 + (-15)/(-3) + g/(-2)?
0
Suppose 4*q + 147 = -661. Let x = q - -215. What is the remainder when x is divided by 10?
3
Suppose 0 = -7*h + 8*h + 1, -3*c = -5*h - 173. Suppose -168 = -5*s - 9*s. What is the remainder when c is divided by s?
8
Suppose 0 = 4*j - 98 - 18. Suppose 0 = -101*r - 57 + 524 + 341. What is the remainder when j is divided by r?
5
Let o(d) = -7*d + 19. Let n be o(25). Let s = -125 - n. Calculate the remainder when 61 is divided by s.
30
Let k = 62 + 11. Let g(l) = -56*l. Let p be g(-1). Let b = p + -31. What is the remainder when k is divided by b?
23
Let n be ((-12)/10)/(15/75). Let o = 16 + n. Suppose -2*d - 2*p = -112, 5*d + 5*p = 3*d + 109. Calculate the remainder when d is divided by o.
7
Suppose -4*b - 37 = -5*z, -38*z + 3*b + 129 = -23*z. Suppose 0*u - 92 = -4*n - 4*u, -48 = -2*n - u. Calculate the remainder when n is divided by z.
7
Suppose -210 = -3*w - 4*w. Suppose 40 = -12*f - 20. Let k = f + 93. What is the remainder when k is divided by w?
28
Le